
18
What is the remainder when 84 is divided by 23?
15
What is the remainder when 1079 is divided by 23?
21
Calculate the remainder when 140 is divided by 8.
4
What is the remainder when 2727 is divided by 39?
36
Calculate the remainder when 5837 is divided by 59.
55
What is the remainder when 368 is divided by 10?
8
Calculate the remainder when 105 is divided by 9.
6
What is the remainder when 3920 is divided by 1958?
4
What is the remainder when 400 is divided by 67?
65
What is the remainder when 534 is divided by 77?
72
What is the remainder when 307 is divided by 5?
2
What is the remainder when 512 is divided by 4?
0
What is the remainder when 253 is divided by 76?
25
Calculate the remainder when 20837 is divided by 151.
150
What is the remainder when 893 is divided by 28?
25
What is the remainder when 171 is divided by 41?
7
What is the remainder when 3977 is divided by 130?
77
What is the remainder when 112 is divided by 85?
27
Calculate the remainder when 2622 is divided by 35.
32
Calculate the remainder when 237 is divided by 60.
57
What is the remainder when 123 is divided by 18?
15
Calculate the remainder when 388 is divided by 88.
36
Calculate the remainder when 1059 is divided by 98.
79
Calculate the remainder when 1673 is divided by 285.
248
Calculate the remainder when 13520 is divided by 21.
17
Calculate the remainder when 323 is divided by 18.
17
What is the remainder when 220 is divided by 18?
4
Calculate the remainder when 288 is divided by 111.
66
Calculate the remainder when 39 is divided by 11.
6
Calculate the remainder when 1868 is divided by 9.
5
Calculate the remainder when 86 is divided by 11.
9
What is the remainder when 71 is divided by 19?
14
Calculate the remainder when 461 is divided by 26.
19
Calculate the remainder when 61 is divided by 50.
11
What is the remainder when 859 is divided by 145?
134
What is the remainder when 191 is divided by 96?
95
Calculate the remainder when 36 is divided by 6.
0
Calculate the remainder when 41 is divided by 15.
11
Calculate the remainder when 701 is divided by 115.
11
What is the remainder when 1298 is divided by 31?
27
Calculate the remainder when 357 is divided by 18.
15
Calculate the remainder when 1023 is divided by 18.
15
Calculate the remainder when 574 is divided by 193.
188
What is the remainder when 108 is divided by 38?
32
What is the remainder when 1621 is divided by 95?
6
What is the remainder when 237 is divided by 22?
17
Calculate the remainder when 486 is divided by 88.
46
Calculate the remainder when 479 is divided by 245.
234
What is the remainder when 10531 is divided by 43?
39
What is the remainder when 533 is divided by 184?
165
What is the remainder when 489 is divided by 134?
87
Calculate the remainder when 136 is divided by 133.
3
Calculate the remainder when 340 is divided by 305.
35
Calculate the remainder when 13289 is divided by 15.
14
What is the remainder when 3422 is divided by 22?
12
What is the remainder when 78 is divided by 42?
36
Calculate the remainder when 271 is divided by 74.
49
Calculate the remainder when 707 is divided by 59.
58
What is the remainder when 7130 is divided by 397?
381
What is the remainder when 1575 is divided by 470?
165
Calculate the remainder when 272 is divided by 24.
8
Calculate the remainder when 895 is divided by 64.
63
Calculate the remainder when 210 is divided by 61.
27
Calculate the remainder when 193 is divided by 7.
4
Calculate the remainder when 593 is divided by 120.
113
What is the remainder when 127 is divided by 3?
1
What is the remainder when 2147 is divided by 21?
5
What is the remainder when 3166 is divided by 138?
130
What is the remainder when 1198 is divided by 16?
14
Calculate the remainder when 1044 is divided by 211.
200
What is the remainder when 494 is divided by 20?
14
What is the remainder when 66 is divided by 27?
12
What is the remainder when 3778 is divided by 19?
16
Calculate the remainder when 331 is divided by 98.
37
Calculate the remainder when 4956 is divided by 31.
27
What is the remainder when 481 is divided by 237?
7
What is the remainder when 1777 is divided by 51?
43
Calculate the remainder when 8919 is divided by 10.
9
Calculate the remainder when 150 is divided by 27.
15
What is the remainder when 810 is divided by 403?
4
What is the remainder when 1383 is divided by 21?
18
What is the remainder when 2215 is divided by 8?
7
Calculate the remainder when 3017 is divided by 995.
32
Calculate the remainder when 205 is divided by 21.
16
What is the remainder when 1593 is divided by 21?
18
What is the remainder when 244 is divided by 19?
16
What is the remainder when 401 is divided by 29?
24
What is the remainder when 219 is divided by 71?
6
Calculate the remainder when 276 is divided by 136.
4
Calculate the remainder when 729 is divided by 363.
3
What is the remainder when 419 is divided by 204?
11
What is the remainder when 16538 is divided by 20?
18
What is the remainder when 846 is divided by 835?
11
What is the remainder when 5911 is divided by 44?
15
Calculate the remainder when 16079 is divided by 17.
14
Calculate the remainder when 8133 is divided by 113.
110
What is the remainder when 29546 is divided by 10?
6
Calculate the remainder when 639 is divided by 40.
39
Calculate the remainder when 229 is divided by 118.
111
What is the remainder when 1143 is divided by 31?
27
What is the remainder when 3858 is divided by 257?
3
What is the remainder when 472 is divided by 79?
77
Calculate the remainder when 101 is divided by 37.
27
What is the remainder when 1064 is divided by 84?
56
What is the remainder when 24 is divided by 14?
10
What is the remainder when 467 is divided by 30?
17
Calculate the remainder when 263 is divided by 111.
41
What is the remainder when 188 is divided by 14?
6
What is the remainder when 116 is divided by 11?
6
What is the remainder when 475 is divided by 132?
79
Calculate the remainder when 2615 is divided by 17.
14
Calculate the remainder when 462 is divided by 140.
42
What is the remainder when 116 is divided by 11?
6
What is the remainder when 75 is divided by 23?
6
What is the remainder when 189 is divided by 19?
18
Calculate the remainder when 1711 is divided by 189.
10
Calculate the remainder when 1511 is divided by 7.
6
Calculate the remainder when 1121 is divided by 370.
11
What is the remainder when 363 is divided by 45?
3
What is the remainder when 110 is divided by 34?
8
Calculate the remainder when 348 is divided by 22.
18
What is the remainder when 328 is divided by 48?
40
What is the remainder when 1551 is divided by 21?
18
Calculate the remainder when 404 is divided by 58.
56
What is the remainder when 302 is divided by 152?
150
What is the remainder when 54 is divided by 11?
10
What is the remainder when 55 is divided by 11?
0
Calculate the remainder when 12229 is divided by 13.
9
What is the remainder when 2010 is divided by 135?
120
What is the remainder when 596 is divided by 117?
11
Calculate the remainder when 409 is divided by 105.
94
Calculate the remainder when 559 is divided by 28.
27
Calculate the remainder when 134 is divided by 17.
15
What is the remainder when 999 is divided by 245?
19
Calculate the remainder when 1919 is divided by 113.
111
Calculate the remainder when 739 is divided by 20.
19
What is the remainder when 1782 is divided by 17?
14
Calculate the remainder when 187 is divided by 12.
7
What is the remainder when 1363 is divided by 35?
33
Calculate the remainder when 122 is divided by 46.
30
What is the remainder when 153 is divided by 5?
3
What is the remainder when 516 is divided by 110?
76
Calculate the remainder when 3419 is divided by 57.
56
Calculate the remainder when 653 is divided by 44.
37
What is the remainder when 624 is divided by 203?
15
Calculate the remainder when 13259 is divided by 156.
155
Calculate the remainder when 1557 is divided by 46.
39
Calculate the remainder when 325 is divided by 8.
5
Calculate the remainder when 648 is divided by 91.
11
Calculate the remainder when 614 is divided by 41.
40
What is the remainder when 182 is divided by 92?
90
What is the remainder when 460 is divided by 225?
10
Calculate the remainder when 447 is divided by 7.
6
What is the remainder when 328 i